 + (21 - (36 - 85)).
48
Evaluate -11 + (39 - (-2 - -15)) - (-3 - (111 + 10)).
139
What is 5 - -8 - (1 - (-63 + -4)) - -11?
-44
2 - -83 - (-10 + -6 + 21 - (0 - 2))
78
Calculate -1096 + 1074 + -53 + -4.
-79
Evaluate 46 - (43 - 2) - -49.
54
(3 - -2 - -4) + -2 + 5 + (-143 - -60)
-71
(-483 - -471) + -1 + 15 + 16 + -105
-87
What is (49 - 10) + -19 + -44 + -11 + -1?
-36
Calculate -5 - (-21 - (4 - (12 + 5))) - -39.
42
Evaluate (50 - -26) + (8 - -5 - 6 - 3).
80
Evaluate 0 - (0 + (-2 - -6)) - (-4 + (-2 - -14)).
-12
Evaluate -3 + (-3 + -28 - (-15 + -5 + 12)).
-26
Calculate 42 + 3 + (-401 - -371).
15
What is the value of (-21 - -4 - -22) + -24 - -10?
-9
Evaluate -109 + (-43 - (-20 + -25)) + (-18 - -2).
-123
(748 - 729) + (5 - (-52 - -2 - 3))
77
What is the value of 21 - (-23 - -44 - 10) - (2 + -24)?
32
Calculate 17 - (35 + -19) - -122.
123
What is 35 + -117 - -95 - (101 - 2)?
-86
Evaluate 4 + -25 - (-41 + 62) - 35.
-77
Calculate (8 - -4) + -1 - (-24 + -36).
71
Calculate (12 - (19 - -2)) + 36 - -53.
80
3 - ((-10 - (6 - 24)) + 0) - (-3 - -86)
-88
1 - -22 - (9 + (-12 - -19))
7
Calculate (-45 - -58) + -61 + 21.
-27
Evaluate 133 + -57 - (-6 - -4 - -27).
51
8 + (5 - 23) - (6 + (46 - 14))
-48
Evaluate (-33 - -50) + (4 - 31) - -38.
28
Evaluate (-10 - (-9 - (11 - (19 - 6) - 2))) + -33.
-38
(51 - 38) + 78 - 80
11
What is the value of 16 + -82 + 26 - (-9 + (-5 - 2))?
-24
Evaluate -133 + (249 - 125) - -110.
101
Calculate 24 + (-18 - -2 - 4) + 129 + -34.
99
What is (-31 - (-15 + 9)) + 5 + 11 + -5?
-14
Evaluate -17 - 0 - ((171 - (-50 + 103)) + -52).
-83
10 + 1 - (-5 + 15 + -4 + -3)
8
Evaluate 23 + (11 - 4) + 97 - 36.
91
-20 + (35 + -20 - (4 - 3)) + 0
-6
Evaluate -6 + (-14 - -7) + 17 - (14 - 4).
-6
Calculate -4 - -19 - (343 - 387).
59
Calculate 39 + (45 - (44 + 4)).
36
What is -57 + 40 - (-1 + -16 + 8)?
-8
Calculate 61 + (8 - 1 - 14) - (-18 + 7 + 11).
54
(-1 + 15 - (36 - -8 - 21)) + (0 - -66)
57
What is 10 - ((2 - -26) + 41 + -19)?
-40
What is (14 + -1 - 17) + 15 - (71 + -4)?
-56
Calculate -14 + 37 + -36 + 30 + -8.
9
Evaluate 35 - (15 - (49 - 50)).
19
What is the value of -77 + 19 + 13 + -8 + 0?
-53
What is -31 - (10 + (1 + (-2 - -6) - 15))?
-31
What is the value of (-10154 - -10049) + (1 - -94)?
-10
What is the value of 30 + -12 + (-643 - -628) + 0 + (1 - 1)?
3
What is the value of (-30 - -1) + (87 + -82 - (21 + (2 - 7)))?
-40
86 + (-129 - -48) - -103
108
Calculate (22 - (72 - 51)) + 14 + 3.
18
What is 7 + 8 + -13 + (-13 - (0 + 1 + -4))?
-8
What is the value of 51 + (-81 - -24) - (5 + -1 - 4)?
-6
What is -14 - (-14 - (-5 + -6 + (5 - 7)))?
-13
Calculate 149 + (68 - 135) - -39.
121
What is the value of 35 + 24 + -8 + -29 + -3?
19
What is the value of (63 + 86 - 88) + -107?
-46
Evaluate (3 - 23) + (14 + -3 - -16) + -112.
-105
Evaluate (-14 - -126 - 113) + (-39 - -1).
-39
Evaluate 76 - 39 - 30 - (-11 + -8).
26
-83 - -59 - (-5 - -3)
-22
Calculate (-64 - -147) + -87 + -54.
-58
Calculate 0 + -22 + -1 + (-24 - (-41 - -9)).
-15
What is the value of 77 - -120 - (-56 - -157)?
96
Calculate (17 - -2) + 119 + 63 + -174.
27
What is the value of -106 + (61 - (-3 + -37))?
-5
Evaluate -18 + (-4 - -8) + 11 + -12 + 11.
-4
-38 + ((-28 - -108) + 8 - -39)
89
What is the value of 3 + 14 - (-82 + 114 + -49)?
34
Evaluate -76 + (529 - 536 - (0 - 9)) + -17.
-91
What is 4 + -8 + 3 - (28 + 15 + -86)?
42
Calculate 5 + 4 + -16 + 21 + 9.
23
What is 46 - ((-38 - -121) + -46)?
9
Calculate (113 - (-20 + -6)) + (21 - 46).
114
19113 + -18997 - (-15 + -1 + -2 + 3 + 3)
128
Calculate (-5 - 9 - 1 - 56) + -16 + 14.
-73
Calculate -1 - -3 - (0 - 18) - 8 - (-56 - 0).
68
What is (7 - -12) + (-18 - (3 + -12) - -6)?
16
Calculate -216 + 218 - (-3 - (3 + 0 + 20)).
28
What is (10 + -11 - -10) + 4 - 16?
-3
Calculate -23 + 57 + 28 + -122.
-60
-15 - -25 - (5 - ((-9 - (8 - 9)) + 31))
28
Evaluate -35872 + 35844 + (-13 + (-1 - -2 - 3) - -2).
-41
What is the value of 3 + (-2 - -2) + -1354 + 1348 - 6?
-9
What is -45 - ((-9 - -38) + -85)?
11
What is the value of 357 + (-46 - 117) + -151?
43
-63 + (-3 - -2) + (-26 - -2 - (54 - 87))
-55
0 + 0 + (0 - 2 - -3) - (1520 - 1562)
43
Evaluate (-101 - -51 - -45) + 22.
17
What is (423 - 417) + -68 + -2 + 7?
-57
What is -34 - (19 - (-5 - 11) - 25)?
-44
Calculate 68 + -55 - -122 - (15 + (1 - 1) + 0).
120
What is -15 + -27 + 30 + -8 + -43?
-63
(-111 - -89 - (0 - 12)) + (9 - (1 + -1))
-1
What is the value of 10 + (-3 + -1 + 12 + -27 + 12 - -16)?
19
1 + 6 + 733 + -741 - -99
98
(0 + -81 - 2) + (5 + 12 - 8) - 3
-77
What is the value of 1 - (16 + -13 + 1) - -13 - -65?
75
Evaluate 15 - (126 - (0 - -18 - -2) - 5).
-86
What is the value of (2 - 21) + 2 - ((-24 - -32) + -17)?
-8
What is the value of -16 - (-81 - -68) - (1 + -1 - -52)?
-55
Evaluate (1 - (8 + -27 + -5 + 15)) + -10 - 13.
-13
What is 58 - (-4 - -13 - (-156 - -145))?
38
What is 6 + (-66 - (-13 - (5 + -4))) + -1 + 1?
-46
3 - (40 + -21 + -7) - (-35 + -2)
28
What is the value of (73 - 28 - 1) + -81?
-37
What is the value of 1198 + -1192 + (3 - (1 - 0))?
8
Evaluate -101 - (-2 - (-5 - (0 + -17 + (19 - 14)))).
-92
Evaluate 57 - ((36 - 2) + 36).
-13
Evaluate 42 - (30 + (-18 - -31)).
-1
What is the value of (-17 - 0 - (98 - 104)) + 55 - 10?
34
What is (6 - 24 - -64) + 36 - 23?
59
Calculate (-35 - -27) + 2 + (7 - 0 - 1) + -12.
-12
What is (2 - (7 + -5)) + 4 + -11?
-7
Evaluate -10 + -29 + 25 + -4 - -2.
-16
What is 9 - (2 + 2) - ((1 - 0) + -64) - 11?
57
Evaluate 111 + -3 + -3 + (-23 - -23) + -15.
90
Evaluate -16 - -53 - (-7 - 15).
59
Evaluate -6 + 46 - (119 + -141).
62
63 - (22 - -11) - 5
25
Evaluate (-26 - (-53 + 40)) + 1 + -3.
-15
(12 - (-18 + 25)) + 2 + -48 + 2
-39
What is the value of 10 - (66 + (-224 - -70))?
98
Calculate -47 + 28 + -16 + 7.
-28
Calculate 6 - ((14 + -13 - -15) + -33).
23
What is the value of 0 + ((-6 - 41) + 22 - -46)?
21
Calculate -7 - (18 + (-25 - -7) + (20 - 5)).
-22
What is the value of 3 + (37 - (99 - 4)) + (0 + -10 - -1)?
-64
Evaluate -26 - -246 - (232 - 118).
106
What is the value of -3 - (15 - (8 - (4 + -44 + 5)))?
25
Evaluate 178 + -298 + (15 - -134).
29
Calculate (1 - (3 + -28) - (9 - 2)) + -5.
14
-4 + -62 + (0 - 3) + -166 + 179 + 3
-53
What is the value of -25 - 0 - (212 - 72 - 149)?
-16
What is the value of -6 - (-51 - ((-4 - (8 + 1)) + -5 - -11))?
38
40 - (1 - 2) - (1 + -33 + 33 + -1)
41
Calculate 20 + (9 - 10) + (-20 - -8) + -36 + 1.
-28
Calculate 2 + 78 + (30 - ((-15 - -18) + 12)).
95
(28 - 16) + -24 + 12 + 6
6
What is the value of (-28 - 1) + (-183 - -213)?
1
Evaluate (-1 - (1 + 11)) + -311 + 315 - (-2 - -57).
-64
17 - (108 + -51) - -78
38
What is the value of 63 - ((-14 - (0 - 0)) + 81 + 22 + -99)?
73
3 + -20 - ((-14 - 36) + 30)
3
What is the value of 1 - -119 - ((-14 - 1) + (-14 + -21 - -37))?
133
What is (1 - 3) + (-1 - 0) + 39 + -37?
-1
Evaluate 81 + (-94 - (-51 + 8)).
30
What is -206 + 83 - ((1 - -5) + -3 + 6) - -10?
-122
What is the value of (1 - 5) + (-109 + 52 - -80) - 111?
-92
Evaluate -126 - (-140 - (-111 - -44)).
-53
Evaluate (0 - (-7 + 5)) + (-14 - 12) + 3.
-21
(-1426 - -1406) + 42 + -1
21
9 - (-2 - (-56 - -12))
-33
7 - (24 - (-12 - (3 + 7)))
-39
Evaluate 49 + -25 + -39 + 65 + (6 - 16).
40
Calculate -11 + 18 + (36 - 23 - (-5 - -48)).
-23
What is the value of -61 + -23 + (-1 - 17 - (-410 - -373))?
-65
Evaluate 43 + 12 - (0 + (1 - -8) - (-1 + -1)).
44
Evaluate 44 - 130 - (-185 + 102).
-3
Calculate 0 - -16 - (-165 - -166 - -11).
4
138 + -235 - (-37 + 9)
-69
Evaluate 12 - (-28 - (26 - 78)).
-12
What is (-7 - 3 - (0 + 0 + 1)) + (136 - 150)?
-25
What is 4 - (-19 + (11 - -13)) - 13?
-14
Evaluate (0 - (-3 + 3 - -129)) + 17025 + -17011.
-115
What is the value of -25 + 239 + -203 + (1 + 71 - (-2 - -1))?
84
Calculate (-908 - -916 - (0 + -2 + (-3 - -17))) + 50.
46
Evaluate -102 + 97 - (10 - (5 - 5) - 5 - 0).
-10
(-1 - -7) + (105 - 76 - 74)
-39
-41 + -10 + 52 + -1
0
-125 + (-11 - (-44 - 43))
-49
Evaluate 13 - (15 - (24 - (-29 + -29 + 24))).
56
Calculate (-57 - -3 - (-134 - -88)) + -1 + -79.
-88
Calculate 4 + 1 + 315 + 139 + -358.
101
Evaluate -13605 + 13660 + (-2 - -14).
67
Calculate (-1 - -4) + 31 + (-29 - (17 - 2)).
-10
What is the value of 1467 - 1467 - (2 + 35)?
-37
8 + (-4 - -14) + -4 + 4 + 5 + -14
9
What is the value of (-514 - -597) + (-2 - 75)?
6
Calculate (-1 - 34) + (-2017 - -2032) - 17.
-37
-56 - (2